{"id":665,"date":"2023-08-01T15:59:11","date_gmt":"2023-08-01T22:59:11","guid":{"rendered":"https:\/\/donation2charity.com\/newspanish\/?page_id=665"},"modified":"2026-03-11T00:35:45","modified_gmt":"2026-03-11T07:35:45","slug":"tax-deduction","status":"publish","type":"page","link":"https:\/\/donation2charity.com\/spanish\/tax-deduction\/","title":{"rendered":"Tax Deduction"},"content":{"rendered":"<div id=\"playht-iframe-wrapper\" style=\"max-height: 210px !important;\">\n\t<iframe\n\tscrolling=\"no\"\n\tclass=\"playht-iframe-player\"\n\tid=\"playht-iframe-player\"\n\theight=\"90px\"\n\twidth=\"100%\"\n\tframeborder=\"0\"\n\tstyle=\"max-height: 90px; height: 90px !important;\"\n\tsrc=\"https:\/\/play.ht\/embed\/?article_url=https:\/\/donation2charity.com\/spanish\/?p=665&voice=es-MX-DaliaNeural&appId=6UlgvTgrkLe&trans_id=-Nq4L7mj7O0rFXRjmHk2\"\n\tdata-voice=\"es-MX-DaliaNeural\"\n\tarticle-url=\"https:\/\/donation2charity.com\/spanish\/?p=665\"\n\tdata-appId=\"6UlgvTgrkLe\"\n\tallowfullscreen=\"\">\n\t<\/iframe>\n<\/div>\n\t\t<div data-elementor-type=\"wp-page\" data-elementor-id=\"665\" class=\"elementor elementor-665\" data-elementor-post-type=\"page\">\n\t\t\t\t<div class=\"elementor-element elementor-element-3f6c70e e-flex e-con-boxed e-con e-parent\" data-id=\"3f6c70e\" data-element_type=\"container\" data-e-type=\"container\">\n\t\t\t\t\t<div class=\"e-con-inner\">\n\t\t<div data-dce-background-image-url=\"https:\/\/donation2charity.com\/spanish\/wp-content\/uploads\/2023\/08\/tax-info-bg.webp\" class=\"elementor-element elementor-element-021fdcb e-con-full e-flex e-con e-child\" data-id=\"021fdcb\" data-element_type=\"container\" data-e-type=\"container\" data-settings=\"{&quot;background_background&quot;:&quot;classic&quot;}\">\n\t\t\t\t<div class=\"elementor-element elementor-element-132f909 elementor-widget elementor-widget-heading\" data-id=\"132f909\" data-element_type=\"widget\" data-e-type=\"widget\" data-widget_type=\"heading.default\">\n\t\t\t\t<div class=\"elementor-widget-container\">\n\t\t\t\t\t<h1 class=\"elementor-heading-title elementor-size-default\">Deducci\u00f3n de impuestos<\/h1>\t\t\t\t<\/div>\n\t\t\t\t<\/div>\n\t\t\t\t<div class=\"elementor-element elementor-element-146d120 elementor-widget elementor-widget-heading\" data-id=\"146d120\" data-element_type=\"widget\" data-e-type=\"widget\" data-widget_type=\"heading.default\">\n\t\t\t\t<div class=\"elementor-widget-container\">\n\t\t\t\t\t<h3 class=\"elementor-heading-title elementor-size-default\">Obt\u00e9n una deducci\u00f3n de impuestos<\/h3>\t\t\t\t<\/div>\n\t\t\t\t<\/div>\n\t\t\t\t<\/div>\n\t\t<div data-dce-background-color=\"#EEEEEE\" class=\"elementor-element elementor-element-d6df2bd e-con-full e-flex e-con e-child\" data-id=\"d6df2bd\" data-element_type=\"container\" data-e-type=\"container\" data-settings=\"{&quot;background_background&quot;:&quot;classic&quot;}\">\n\t\t\t\t<div class=\"elementor-element elementor-element-4774e36 elementor-widget elementor-widget-text-editor\" data-id=\"4774e36\" data-element_type=\"widget\" data-e-type=\"widget\" data-widget_type=\"text-editor.default\">\n\t\t\t\t<div class=\"elementor-widget-container\">\n\t\t\t\t\t\t\t\t\t<p><strong>\u00bfCU\u00c1NTO PUEDO TOMAR COMO DEDUCCI\u00d3N DE IMPUESTOS?<\/strong><\/p><p><em>Se le permite cancelar el valor de mercado de su veh\u00edculo hasta $500. Si su veh\u00edculo se vende por m\u00e1s de $500, puede deducir el precio de venta total.<\/em><\/p>\t\t\t\t\t\t\t\t<\/div>\n\t\t\t\t<\/div>\n\t\t\t\t<div class=\"elementor-element elementor-element-dc31724 elementor-widget elementor-widget-text-editor\" data-id=\"dc31724\" data-element_type=\"widget\" data-e-type=\"widget\" data-widget_type=\"text-editor.default\">\n\t\t\t\t<div class=\"elementor-widget-container\">\n\t\t\t\t\t\t\t\t\t<p><strong>\u00bfQU\u00c9 FORMULARIOS UTILIZO CUANDO PRESENTO MIS IMPUESTOS?<\/strong><\/p><p><em>Si su autom\u00f3vil donado se vende por m\u00e1s de $ 500, le enviaremos un Formulario de impuestos. Si su veh\u00edculo no se vende por m\u00e1s de $500, puede usar el recibo de donaci\u00f3n del veh\u00edculo para cancelar el valor de mercado de su veh\u00edculo hasta $500.<\/em><\/p>\t\t\t\t\t\t\t\t<\/div>\n\t\t\t\t<\/div>\n\t\t\t\t<\/div>\n\t\t\t\t\t<\/div>\n\t\t\t\t<\/div>\n\t\t\t\t<\/div>\n\t\t","protected":false},"excerpt":{"rendered":"<p>Deducci\u00f3n de impuestos Obt\u00e9n una deducci\u00f3n de impuestos \u00bfCU\u00c1NTO PUEDO TOMAR COMO DEDUCCI\u00d3N DE IMPUESTOS? Se le permite cancelar el valor de mercado de su veh\u00edculo hasta $500. Si su veh\u00edculo se vende por m\u00e1s de $500, puede deducir el precio de venta total. \u00bfQU\u00c9 FORMULARIOS UTILIZO CUANDO PRESENTO MIS IMPUESTOS? Si su autom\u00f3vil donado [&hellip;]<\/p>\n","protected":false},"author":1,"featured_media":0,"parent":0,"menu_order":0,"comment_status":"closed","ping_status":"closed","template":"","meta":{"_monsterinsights_skip_tracking":false,"_monsterinsights_sitenote_active":false,"_monsterinsights_sitenote_note":"","_monsterinsights_sitenote_category":0,"footnotes":""},"class_list":["post-665","page","type-page","status-publish","hentry"],"_links":{"self":[{"href":"https:\/\/donation2charity.com\/spanish\/wp-json\/wp\/v2\/pages\/665","targetHints":{"allow":["GET"]}}],"collection":[{"href":"https:\/\/donation2charity.com\/spanish\/wp-json\/wp\/v2\/pages"}],"about":[{"href":"https:\/\/donation2charity.com\/spanish\/wp-json\/wp\/v2\/types\/page"}],"author":[{"embeddable":true,"href":"https:\/\/donation2charity.com\/spanish\/wp-json\/wp\/v2\/users\/1"}],"replies":[{"embeddable":true,"href":"https:\/\/donation2charity.com\/spanish\/wp-json\/wp\/v2\/comments?post=665"}],"version-history":[{"count":25,"href":"https:\/\/donation2charity.com\/spanish\/wp-json\/wp\/v2\/pages\/665\/revisions"}],"predecessor-version":[{"id":3019,"href":"https:\/\/donation2charity.com\/spanish\/wp-json\/wp\/v2\/pages\/665\/revisions\/3019"}],"wp:attachment":[{"href":"https:\/\/donation2charity.com\/spanish\/wp-json\/wp\/v2\/media?parent=665"}],"curies":[{"name":"wp","href":"https:\/\/api.w.org\/{rel}","templated":true}]}}